Calculate the remainder when 575269431 is divided by 18.
15
What is the remainder when 41875956 is divided by 279173?
6
What is the remainder when 20336378 is divided by 472939?
1
What is the remainder when 50482885 is divided by 1941648?
37
Calculate the remainder when 104940 is divided by 1019.
1002
Calculate the remainder when 26505207 is divided by 140.
127
Calculate the remainder when 39522 is divided by 131.
91
What is the remainder when 497068 is divided by 5648?
44
What is the remainder when 111073170 is divided by 43?
42
Calculate the remainder when 5377021 is divided by 70750.
21
Calculate the remainder when 53460 is divided by 1061.
410
What is the remainder when 2468708 is divided by 2468706?
2
What is the remainder when 2880806 is divided by 3081?
71
What is the remainder when 5081439 is divided by 3900?
3639
Calculate the remainder when 2162175 is divided by 47.
34
Calculate the remainder when 2991723 is divided by 997231.
30
Calculate the remainder when 517093 is divided by 103372.
233
What is the remainder when 3880177 is divided by 20?
17
Calculate the remainder when 371034 is divided by 785.
514
What is the remainder when 239011 is divided by 10859?
113
Calculate the remainder when 5149243 is divided by 45975.
43
What is the remainder when 241035736 is divided by 2273?
2270
What is the remainder when 8095 is divided by 7603?
492
Calculate the remainder when 74695629 is divided by 2932.
2929
What is the remainder when 13964713 is divided by 44473?
191
Calculate the remainder when 119331 is divided by 221.
212
Calculate the remainder when 34954949 is divided by 7485.
7484
Calculate the remainder when 1088597 is divided by 228.
125
Calculate the remainder when 361266639 is divided by 7.
6
What is the remainder when 2485604 is divided by 6?
2
Calculate the remainder when 19384643 is divided by 389.
384
What is the remainder when 108361 is divided by 108261?
100
What is the remainder when 148171 is divided by 531?
22
Calculate the remainder when 3616483 is divided by 3464.
67
What is the remainder when 86087 is divided by 43014?
59
What is the remainder when 4341674 is divided by 62?
0
What is the remainder when 9925587 is divided by 268259?
4
Calculate the remainder when 1648649 is divided by 6440.
9
Calculate the remainder when 659991920 is divided by 18.
14
What is the remainder when 1018490 is divided by 24840?
50
Calculate the remainder when 8218776 is divided by 73.
71
What is the remainder when 477581 is divided by 156843?
7052
What is the remainder when 715421 is divided by 1049?
3
Calculate the remainder when 413417 is divided by 108.
101
What is the remainder when 104692865 is divided by 17?
14
What is the remainder when 131472728 is divided by 8?
0
What is the remainder when 1416590 is divided by 40458?
560
Calculate the remainder when 898126 is divided by 29.
25
What is the remainder when 6108491 is divided by 381778?
43
Calculate the remainder when 158915 is divided by 14341.
1164
Calculate the remainder when 35791150 is divided by 253.
252
Calculate the remainder when 18059 is divided by 7004.
4051
What is the remainder when 525314 is divided by 262600?
114
Calculate the remainder when 35022038 is divided by 496.
470
What is the remainder when 5636386 is divided by 76?
74
Calculate the remainder when 12841118 is divided by 160.
158
Calculate the remainder when 6297954 is divided by 34.
32
Calculate the remainder when 2640928 is divided by 19.
4
What is the remainder when 72958 is divided by 790?
278
Calculate the remainder when 1055830 is divided by 8058.
232
Calculate the remainder when 7502804 is divided by 4501.
4138
What is the remainder when 4027034 is divided by 14?
4
Calculate the remainder when 1775935 is divided by 17239.
318
What is the remainder when 658494 is divided by 164621?
10
What is the remainder when 63681111 is divided by 7960136?
23
Calculate the remainder when 27442 is divided by 27315.
127
Calculate the remainder when 512750 is divided by 2643.
8
What is the remainder when 1662443 is divided by 1165?
1153
Calculate the remainder when 58906 is divided by 971.
646
What is the remainder when 8825665 is divided by 38709?
13
What is the remainder when 695626 is divided by 164?
102
What is the remainder when 1555182 is divided by 3072?
750
What is the remainder when 3615500 is divided by 464?
12
What is the remainder when 101074336 is divided by 866?
12
What is the remainder when 2819306 is divided by 39?
35
What is the remainder when 2280978 is divided by 1401?
150
What is the remainder when 2521456 is divided by 27?
7
What is the remainder when 433937 is divided by 2784?
2417
What is the remainder when 4713169 is divided by 235657?
29
Calculate the remainder when 22115809 is divided by 11057901.
7
What is the remainder when 463308 is divided by 1?
0
Calculate the remainder when 155144911 is divided by 759.
757
What is the remainder when 1567701 is divided by 65?
31
Calculate the remainder when 60324116 is divided by 13.
8
What is the remainder when 1337159 is divided by 148558?
137
Calculate the remainder when 298653 is divided by 3929.
49
What is the remainder when 51108 is divided by 37?
11
Calculate the remainder when 8055 is divided by 183.
3
Calculate the remainder when 17258860 is divided by 210.
10
What is the remainder when 891724 is divided by 27866?
12
Calculate the remainder when 31377275 is divided by 2614772.
11
Calculate the remainder when 1346214 is divided by 38463.
9
What is the remainder when 372865453 is divided by 93216363?
1
What is the remainder when 21916574 is divided by 904?
902
Calculate the remainder when 40273 is divided by 412.
309
What is the remainder when 60236439 is divided by 22?
21
What is the remainder when 160405 is divided by 8629?
5083
What is the remainder when 84107645 is divided by 402?
401
Calculate the remainder when 59120 is divided by 29221.
678
Calculate the remainder when 179820 is divided by 99.
36
What is the remainder when 258755 is divided by 6805?
165
What is the remainder when 713159 is divided by 552?
527
Calculate the remainder when 148951400 is divided by 74475699.
2
What is the remainder when 102210 is divided by 25549?
14
Calculate the remainder when 1071019 is divided by 7445.
6384
What is the remainder when 4630151 is divided by 308674?
41
Calculate the remainder when 850232 is divided by 1873.
1763
What is the remainder when 2337145 is divided by 202?
5
What is the remainder when 538544 is divided by 3131?
12
What is the remainder when 10927242 is divided by 10927202?
40
Calculate the remainder when 62103496 is divided by 894.
892
What is the remainder when 935855 is divided by 935671?
184
Calculate the remainder when 11445 is divided by 5652.
141
Calculate the remainder when 40574286 is divided by 13.
12
Calculate the remainder when 17135508 is divided by 43.
8
Calculate the remainder when 48563 is divided by 275.
163
What is the remainder when 48480489 is divided by 1572?
9
What is the remainder when 14156 is divided by 240?
236
Calculate the remainder when 135989222 is divided by 2870.
12
Calculate the remainder when 12282894 is divided by 150.
144
Calculate the remainder when 297705 is divided by 846.
759
Calculate the remainder when 48565813 is divided by 32.
21
Calculate the remainder when 4283267 is divided by 5063.
5032
What is the remainder when 532962 is divided by 7400?
162
What is the remainder when 2865041 is divided by 926?
923
What is the remainder when 7365214 is divided by 736520?
14
Calculate the remainder when 22199 is divided by 2792.
2655
What is the remainder when 562701 is divided by 804?
705
What is the remainder when 94782549 is divided by 1325?
1324
What is the remainder when 915782 is divided by 11303?
239
Calculate the remainder when 155103 is divided by 1790.
1163
What is the remainder when 2568125 is divided by 320?
125
Calculate the remainder when 1390290 is divided by 347524.
194
Calculate the remainder when 252494 is divided by 36042.
200
What is the remainder when 12564592 is divided by 45?
7
What is the remainder when 282030559 is divided by 434?
433
What is the remainder when 685815921 is divided by 1621?
1620
Calculate the remainder when 85596 is divided by 15857.
6311
Calculate the remainder whe